{"id":109,"date":"2024-02-13T17:03:35","date_gmt":"2024-02-13T17:03:35","guid":{"rendered":"https:\/\/miraqls.fuw.edu.pl\/?page_id=109"},"modified":"2024-06-28T10:17:39","modified_gmt":"2024-06-28T10:17:39","slug":"about-the-converence","status":"publish","type":"page","link":"https:\/\/miraqls.fuw.edu.pl\/index.php\/about-the-converence\/","title":{"rendered":"About the School"},"content":{"rendered":"\n<h2 class=\"wp-block-heading\">Topic<\/h2>\n\n\n\n<p>The Summer School on Mid-Infrared Quantum Sensing and Technologies is a 5-day learning programme designed to offer students in-depth insights into the highly interdisciplinary topic of quantum technologies and sensing at mid-infrared wavelengths.<\/p>\n\n\n\n<p>Mid infrared quantum technologies are emerging to bring exciting advances in sensing and beyond. The mid-infrared range of optical spectrum offers the best sensitivity to properties of material systems, yet presents multiple exciting challenges in generation, processing and detection of signals, that requires combining expertise in quantum optics and quantum information, quantum technologies, ultrafast optics, solid-state and terharetz physics, material science, spectroscopy and beyond.<\/p>\n\n\n\n<p>The program is designed to engage young scientists, mainly PhD students and post-docs, both experimentalists and theoreticians. The goal is training and fostering collaboration in this interdisciplinary field.  The five-day event will feature lectures and workshop sessions conducted by leading scientists in these areas and will provide a forum for communication between young researchers and trainers, including poster sessions for participants. The meeting will take place entirely in person that optimizes discussions and networking opportunities among all attendees.<\/p>\n\n\n\n<p><\/p>\n\n\n\n<h2 class=\"wp-block-heading\">Program<\/h2>\n\n\n\n<p>The program will include experts from a diverse range of research backgrounds, from quantum optics and quantum information to material scientists, and mid infrared experts, as well as soft-skills &amp; technical workshops.<\/p>\n\n\n\n<p>The School dates are: 23 to 28 June 2024. The program will start in the evening on 23 June and conclude early afternoon on 28 June.<\/p>\n\n\n\n<p>The topics include (but are not limited to):<\/p>\n\n\n\n<p><\/p>\n\n\n\n<div class=\"wp-block-columns is-layout-flex wp-container-core-columns-is-layout-9d6595d7 wp-block-columns-is-layout-flex\">\n<div class=\"wp-block-column is-layout-flow wp-block-column-is-layout-flow\">\n<ul class=\"wp-block-list\">\n<li>quantum optics<\/li>\n\n\n\n<li>sources of quantum light<\/li>\n\n\n\n<li>single photon detectors<\/li>\n\n\n\n<li>mid-infrared materials<\/li>\n<\/ul>\n<\/div>\n\n\n\n<div class=\"wp-block-column is-layout-flow wp-block-column-is-layout-flow\">\n<ul class=\"wp-block-list\">\n<li>quantum sensing<\/li>\n\n\n\n<li>quantum metrology<\/li>\n\n\n\n<li>polariton physics and chemistry<\/li>\n\n\n\n<li>condensed matter physics<\/li>\n<\/ul>\n<\/div>\n\n\n\n<div class=\"wp-block-column is-layout-flow wp-block-column-is-layout-flow\">\n<ul class=\"wp-block-list\">\n<li>terahertz physics and engineering<\/li>\n\n\n\n<li>nanophotonics<\/li>\n\n\n\n<li>plasmonics<\/li>\n<\/ul>\n<\/div>\n<\/div>\n\n\n\n<p><\/p>\n\n\n\n<h2 class=\"wp-block-heading\">Poster Presentation Prizes sponsored by Toptica!<\/h2>\n\n\n\n<p>We are delighted to announce that there will be prizes awarded for the best poster presentations at the MIRAQLS Summer School, made possible through the generous sponsorship of <strong>Toptica<\/strong>. This is a fantastic opportunity to showcase your research and compete for awards!<\/p>\n\n\n\n<h2 class=\"wp-block-heading\">Venue &amp; fees<\/h2>\n\n\n\n<p>The School will take place a the Faculty of Physics, University of Warsaw. This easily accessible modern venue will provide and inspiring and collaborative atmosphere. The School space will benefit from direct access to a roof-top garden.<\/p>\n\n\n\n<p>The participation cost for the MIRAQLS school, including catering, is covered by the organizers. However, <strong>participants are responsible for covering their own travel and accommodation expenses<\/strong>. A small number of accommodation grants may be offered to those in need.<\/p>\n\n\n\n<h2 class=\"wp-block-heading\">Applications <\/h2>\n\n\n\n<p>Participants are encouraged to present a poster on their research or other project at the School. Interested applicants should submit a short bio and a poster abstract through a Google Form.<\/p>\n\n\n\n<p>The applications are closed.<\/p>\n\n\n\n<p><strong>Dates<\/strong><\/p>\n\n\n\n<p><\/p>\n\n\n\n<ul class=\"wp-block-list\">\n<li>10 April 2024: the School&#8217;s program will be announced by this date<\/li>\n\n\n\n<li><s>15 April 2024<\/s> 22 April 2024: first application deadline<strong> (please apply by this date if you require a Polish visa!)<\/strong><\/li>\n\n\n\n<li><s>15 May 2024<\/s> 17 May 2024: final application deadline (by 10 pm Warsaw time = CEST \/ 9 pm UK time \/ 4 pm EDT \/ 11 am PDT)<\/li>\n\n\n\n<li>Acceptance notifications by 25 May 2024<\/li>\n\n\n\n<li>23 June 2024: School start<\/li>\n\n\n\n<li>28 June 2024: End of the School<\/li>\n<\/ul>\n\n\n\n<p><\/p>\n\n\n\n<p><\/p>\n\n\n\n<p><\/p>\n\n\n\n<p><\/p>\n\n\n\n<h2 class=\"wp-block-heading\">About the MIRAQLS Project:<\/h2>\n\n\n\n<p><strong>MIRAQLS<\/strong> project is&nbsp;an international scientific collaboration between Europe and Canada aimed to advance novel&nbsp;quantum technologies, running since October 2022.&nbsp;The goal of MIRAQLS is to increase our ability to sense&nbsp;minute&nbsp;changes in the environment around us using mid-infrared (MIR) light (wavelength&nbsp;range from 2 \u03bcm to 15&nbsp;\u03bcm). Optical sensors operating&nbsp;in this band&nbsp;are essential for a wide range of applications&nbsp;owing to the&nbsp;overlap with&nbsp;unique molecular absorption&nbsp;signatures.&nbsp;MIRAQLS aims to tackle some of the biggest challenges that have hampered the development of MIR quantum technologies by understanding how to control the quantum properties of light and matter at the fundamental limits of their interaction.&nbsp;<\/p>\n\n\n\n<p>The official launch date of the MIRAQLS project&nbsp;coincided with the&nbsp;announcement of the 2022 Nobel Prize in Physics, which was awarded to Professors Alain Aspect, John Clauser, and Anton Zeilinger for \u201ctheir experiments with entangled photons, establishing the violation of Bell\u2019s inequalities and paving the way for quantum information science\u201d. Our team is excited to exploit entanglement and superposition principles in the mid-infrared frequency range to build better optical sensors of tomorrow, poised for a direct positive impact on the well-being of modern society. Some applications include increased accuracy of medical imaging for early personalized diagnostics in medicine, comprehensive and real-time detection of pollutants in the atmosphere, drug discovery,&nbsp;improved manufacturing yields via better&nbsp;quality&nbsp;control, and many more.<\/p>\n\n\n\n<h2 class=\"wp-block-heading\">Committees<\/h2>\n\n\n\n<p><strong>Program Committee<\/strong><\/p>\n\n\n\n<p><\/p>\n\n\n\n<ul class=\"wp-block-list\">\n<li><a href=\"https:\/\/sites.google.com\/view\/miraqls\/team\/micha%C5%82-karpi%C5%84ski?authuser=0\" target=\"_blank\" rel=\"noreferrer noopener\">Micha\u0142 Karpi\u0144ski, University of Warsaw, Poland<\/a><\/li>\n\n\n\n<li><a href=\"https:\/\/sites.google.com\/view\/miraqls\/team\/johannes-feist?authuser=0\" target=\"_blank\" rel=\"noreferrer noopener\">Johannes Feist, Universidad Aut\u00f3noma de Madrid, Spain<\/a><\/li>\n\n\n\n<li><a href=\"https:\/\/sites.google.com\/view\/miraqls\/team\/antonio-fern%C3%A1ndez-dom%C3%ADnguez?authuser=0\" target=\"_blank\" rel=\"noreferrer noopener\">Antonio Fern\u00e1ndez-Dom\u00ednguez, Universidad Aut\u00f3noma de Madrid, Spain<\/a><\/li>\n\n\n\n<li><a href=\"https:\/\/sites.google.com\/view\/miraqls\/team\/fabio-pezzoli?authuser=0\" target=\"_blank\" rel=\"noreferrer noopener\">Fabio Pezzoli, Universit\u00e0 Milano-Bicocca, Italy<\/a><\/li>\n\n\n\n<li><a href=\"https:\/\/sites.google.com\/view\/miraqls\/team\/denis-seletskiy?authuser=0\" data-type=\"link\" data-id=\"https:\/\/sites.google.com\/view\/miraqls\/team\/denis-seletskiy?authuser=0\" target=\"_blank\" rel=\"noreferrer noopener\">Denis Seletskiy, Polytechnique Montr\u00e9al, Canada<\/a><\/li>\n<\/ul>\n\n\n\n<p><\/p>\n\n\n\n<p><\/p>\n\n\n\n<p><strong>Local Organizing Committee<\/strong><\/p>\n\n\n\n<p><\/p>\n\n\n\n<ul class=\"wp-block-list\">\n<li>Micha\u0142 Karpi\u0144ski, University of Warsaw<\/li>\n\n\n\n<li>Ma\u0142gorzata Doma\u0144ska, University of Warsaw<\/li>\n\n\n\n<li>Kacper Cybi\u0144ski, University of Warsaw<\/li>\n\n\n\n<li>Sanjay Kapoor, University of Warsaw<\/li>\n\n\n\n<li>Micha\u0142 Miko\u0142ajczyk, University of Warsaw<\/li>\n\n\n\n<li>Jerzy Szuniewicz, University of Warsaw<\/li>\n<\/ul>\n","protected":false},"excerpt":{"rendered":"<p>Topic The Summer School on Mid-Infrared Quantum Sensing and Technologies is a 5-day learning programme designed to offer students in-depth insights into the highly interdisciplinary topic of quantum technologies and sensing at mid-infrared wavelengths. Mid infrared quantum technologies are emerging to bring exciting advances in sensing and beyond. The mid-infrared range of optical spectrum offers &hellip; <\/p>\n","protected":false},"author":2,"featured_media":0,"parent":0,"menu_order":0,"comment_status":"closed","ping_status":"closed","template":"","meta":{"footnotes":""},"class_list":["post-109","page","type-page","status-publish","hentry"],"_links":{"self":[{"href":"https:\/\/miraqls.fuw.edu.pl\/index.php\/wp-json\/wp\/v2\/pages\/109","targetHints":{"allow":["GET"]}}],"collection":[{"href":"https:\/\/miraqls.fuw.edu.pl\/index.php\/wp-json\/wp\/v2\/pages"}],"about":[{"href":"https:\/\/miraqls.fuw.edu.pl\/index.php\/wp-json\/wp\/v2\/types\/page"}],"author":[{"embeddable":true,"href":"https:\/\/miraqls.fuw.edu.pl\/index.php\/wp-json\/wp\/v2\/users\/2"}],"replies":[{"embeddable":true,"href":"https:\/\/miraqls.fuw.edu.pl\/index.php\/wp-json\/wp\/v2\/comments?post=109"}],"version-history":[{"count":38,"href":"https:\/\/miraqls.fuw.edu.pl\/index.php\/wp-json\/wp\/v2\/pages\/109\/revisions"}],"predecessor-version":[{"id":558,"href":"https:\/\/miraqls.fuw.edu.pl\/index.php\/wp-json\/wp\/v2\/pages\/109\/revisions\/558"}],"wp:attachment":[{"href":"https:\/\/miraqls.fuw.edu.pl\/index.php\/wp-json\/wp\/v2\/media?parent=109"}],"curies":[{"name":"wp","href":"https:\/\/api.w.org\/{rel}","templated":true}]}}

<h2 class="wp-block-heading">Topic</h2>



<p>The Summer School on Mid-Infrared Quantum Sensing and Technologies is a 5-day learning programme designed to offer students in-depth insights into the highly interdisciplinary topic of quantum technologies and sensing at mid-infrared wavelengths.</p>



<p>Mid infrared quantum technologies are emerging to bring exciting advances in sensing and beyond. The mid-infrared range of optical spectrum offers the best sensitivity to properties of material systems, yet presents multiple exciting challenges in generation, processing and detection of signals, that requires combining expertise in quantum optics and quantum information, quantum technologies, ultrafast optics, solid-state and terharetz physics, material science, spectroscopy and beyond.</p>



<p>The program is designed to engage young scientists, mainly PhD students and post-docs, both experimentalists and theoreticians. The goal is training and fostering collaboration in this interdisciplinary field.  The five-day event will feature lectures and workshop sessions conducted by leading scientists in these areas and will provide a forum for communication between young researchers and trainers, including poster sessions for participants. The meeting will take place entirely in person that optimizes discussions and networking opportunities among all attendees.</p>



<p></p>



<h2 class="wp-block-heading">Program</h2>



<p>The program will include experts from a diverse range of research backgrounds, from quantum optics and quantum information to material scientists, and mid infrared experts, as well as soft-skills &amp; technical workshops.</p>



<p>The School dates are: 23 to 28 June 2024. The program will start in the evening on 23 June and conclude early afternoon on 28 June.</p>



<p>The topics include (but are not limited to):</p>



<p></p>



<div class="wp-block-columns is-layout-flex wp-container-core-columns-is-layout-9d6595d7 wp-block-columns-is-layout-flex">
<div class="wp-block-column is-layout-flow wp-block-column-is-layout-flow">
<ul class="wp-block-list">
<li>quantum optics</li>



<li>sources of quantum light</li>



<li>single photon detectors</li>



<li>mid-infrared materials</li>
</ul>
</div>



<div class="wp-block-column is-layout-flow wp-block-column-is-layout-flow">
<ul class="wp-block-list">
<li>quantum sensing</li>



<li>quantum metrology</li>



<li>polariton physics and chemistry</li>



<li>condensed matter physics</li>
</ul>
</div>



<div class="wp-block-column is-layout-flow wp-block-column-is-layout-flow">
<ul class="wp-block-list">
<li>terahertz physics and engineering</li>



<li>nanophotonics</li>



<li>plasmonics</li>
</ul>
</div>
</div>



<p></p>



<h2 class="wp-block-heading">Poster Presentation Prizes sponsored by Toptica!</h2>



<p>We are delighted to announce that there will be prizes awarded for the best poster presentations at the MIRAQLS Summer School, made possible through the generous sponsorship of <strong>Toptica</strong>. This is a fantastic opportunity to showcase your research and compete for awards!</p>



<h2 class="wp-block-heading">Venue &amp; fees</h2>



<p>The School will take place a the Faculty of Physics, University of Warsaw. This easily accessible modern venue will provide and inspiring and collaborative atmosphere. The School space will benefit from direct access to a roof-top garden.</p>



<p>The participation cost for the MIRAQLS school, including catering, is covered by the organizers. However, <strong>participants are responsible for covering their own travel and accommodation expenses</strong>. A small number of accommodation grants may be offered to those in need.</p>



<h2 class="wp-block-heading">Applications </h2>



<p>Participants are encouraged to present a poster on their research or other project at the School. Interested applicants should submit a short bio and a poster abstract through a Google Form.</p>



<p>The applications are closed.</p>



<p><strong>Dates</strong></p>



<p></p>



<ul class="wp-block-list">
<li>10 April 2024: the School&#8217;s program will be announced by this date</li>



<li><s>15 April 2024</s> 22 April 2024: first application deadline<strong> (please apply by this date if you require a Polish visa!)</strong></li>



<li><s>15 May 2024</s> 17 May 2024: final application deadline (by 10 pm Warsaw time = CEST / 9 pm UK time / 4 pm EDT / 11 am PDT)</li>



<li>Acceptance notifications by 25 May 2024</li>



<li>23 June 2024: School start</li>



<li>28 June 2024: End of the School</li>
</ul>



<p></p>



<p></p>



<p></p>



<p></p>



<h2 class="wp-block-heading">About the MIRAQLS Project:</h2>



<p><strong>MIRAQLS</strong> project is&nbsp;an international scientific collaboration between Europe and Canada aimed to advance novel&nbsp;quantum technologies, running since October 2022.&nbsp;The goal of MIRAQLS is to increase our ability to sense&nbsp;minute&nbsp;changes in the environment around us using mid-infrared (MIR) light (wavelength&nbsp;range from 2 μm to 15&nbsp;μm). Optical sensors operating&nbsp;in this band&nbsp;are essential for a wide range of applications&nbsp;owing to the&nbsp;overlap with&nbsp;unique molecular absorption&nbsp;signatures.&nbsp;MIRAQLS aims to tackle some of the biggest challenges that have hampered the development of MIR quantum technologies by understanding how to control the quantum properties of light and matter at the fundamental limits of their interaction.&nbsp;</p>



<p>The official launch date of the MIRAQLS project&nbsp;coincided with the&nbsp;announcement of the 2022 Nobel Prize in Physics, which was awarded to Professors Alain Aspect, John Clauser, and Anton Zeilinger for “their experiments with entangled photons, establishing the violation of Bell’s inequalities and paving the way for quantum information science”. Our team is excited to exploit entanglement and superposition principles in the mid-infrared frequency range to build better optical sensors of tomorrow, poised for a direct positive impact on the well-being of modern society. Some applications include increased accuracy of medical imaging for early personalized diagnostics in medicine, comprehensive and real-time detection of pollutants in the atmosphere, drug discovery,&nbsp;improved manufacturing yields via better&nbsp;quality&nbsp;control, and many more.</p>



<h2 class="wp-block-heading">Committees</h2>



<p><strong>Program Committee</strong></p>



<p></p>



<ul class="wp-block-list">
<li><a href="https://sites.google.com/view/miraqls/team/micha%C5%82-karpi%C5%84ski?authuser=0" target="_blank" rel="noreferrer noopener">Michał Karpiński, University of Warsaw, Poland</a></li>



<li><a href="https://sites.google.com/view/miraqls/team/johannes-feist?authuser=0" target="_blank" rel="noreferrer noopener">Johannes Feist, Universidad Autónoma de Madrid, Spain</a></li>



<li><a href="https://sites.google.com/view/miraqls/team/antonio-fern%C3%A1ndez-dom%C3%ADnguez?authuser=0" target="_blank" rel="noreferrer noopener">Antonio Fernández-Domínguez, Universidad Autónoma de Madrid, Spain</a></li>



<li><a href="https://sites.google.com/view/miraqls/team/fabio-pezzoli?authuser=0" target="_blank" rel="noreferrer noopener">Fabio Pezzoli, Università Milano-Bicocca, Italy</a></li>



<li><a href="https://sites.google.com/view/miraqls/team/denis-seletskiy?authuser=0" data-type="link" data-id="https://sites.google.com/view/miraqls/team/denis-seletskiy?authuser=0" target="_blank" rel="noreferrer noopener">Denis Seletskiy, Polytechnique Montréal, Canada</a></li>
</ul>



<p></p>



<p></p>



<p><strong>Local Organizing Committee</strong></p>



<p></p>



<ul class="wp-block-list">
<li>Michał Karpiński, University of Warsaw</li>



<li>Małgorzata Domańska, University of Warsaw</li>



<li>Kacper Cybiński, University of Warsaw</li>



<li>Sanjay Kapoor, University of Warsaw</li>



<li>Michał Mikołajczyk, University of Warsaw</li>



<li>Jerzy Szuniewicz, University of Warsaw</li>
</ul>
